 = a*s + 4*k + 2. Suppose 0 = -9*x + 201 - 84. What is the highest common factor of s and x?
1
Suppose 5*b + 3*y - 51 = 0, 2*b + 2*y - y = 20. Let n be 5478/154 + (-34)/(-14) + -2. Let p be n/(-8)*(5 + -15). What is the highest common divisor of b and p?
9
Let t be (6/(-4))/(140/40 - 4) + 1581. Calculate the highest common divisor of 990 and t.
198
Suppose -5*n - 300 = -5*u, -4 - 2 = 2*n. Let y be ((-4)/3)/(-4) - 3760/(-6). What is the highest common factor of y and u?
57
Let p = -27109 + 27114. What is the highest common divisor of 10265 and p?
5
Let o = 647 + -359. What is the highest common factor of 99 and o?
9
Suppose -387 = -3*z + 276. Suppose -245 = -3*x + d, 3*x - 225 = -1002*d + 1005*d. What is the greatest common factor of z and x?
17
Let x(u) = 49*u + 593. Let g be x(0). Let z = 970 - g. Calculate the highest common divisor of z and 29.
29
Let j(y) be the first derivative of 93*y - 3*y**2 + 3 - 101*y - 6*y**2. Let x be j(-6). What is the greatest common divisor of 20 and x?
20
Let k = 62479 - 62445. Let s(n) = -n**2 + n + 18. Let u be s(0). Suppose -u = -y + 16. Calculate the greatest common factor of k and y.
34
Let b = 389 - 215. Suppose 5*g - 5*q + 6*q - 1160 = 0, 3*g = 4*q + 696. Calculate the greatest common divisor of b and g.
58
Let n be 3 - (5/30 + (-2)/12). Let w be (4 - 1)/(n/60). Suppose -116 = -v - w. What is the highest common divisor of v and 42?
14
Let g(x) = -4*x**3 - 16*x**2 - 33*x + 12. Let n be g(-4). What is the highest common factor of 136 and n?
8
Suppose 10 = 4*w - 30. Let h be ((-62)/5)/(2/w). Let l = h + 154. What is the greatest common divisor of l and 138?
46
Let k be 59674/6 + (-8 - 140/(-15)). What is the greatest common divisor of 29 and k?
29
Let f = -359 + 361. Suppose f*m + 2*w - w = 24, 2*w = -3*m + 37. Calculate the highest common divisor of 7 and m.
1
Let f be -3 + 247260/220 + 2/22 - -8. Calculate the highest common factor of 3 and f.
1
Let v(t) = 2*t - 28. Let l be v(16). Let h be (7 - 3)/2 - (-612)/l. Calculate the greatest common factor of h and 93.
31
Let j = -177 - -179. Suppose -6*u + j*b + 68 = -u, 5 = 5*b. Calculate the greatest common divisor of 147 and u.
7
Suppose -5*y - 3*g = 6 - 38, -24 = -2*y - 4*g. Let v = 278399 - 278383. What is the greatest common divisor of v and y?
4
Suppose 0 = 2*d - 0*q - 5*q - 131, 151 = 2*d - q. Let o be -4 - 0 - 13/52*-88. What is the greatest common divisor of d and o?
6
Let p(f) = -2*f**2 + 9*f + 46. Let z be p(7). Let c be 16 - (z - 5) - (-4)/1. What is the greatest common factor of 6 and c?
2
Let g = 87 + -384. Let h = g + 588. Calculate the highest common factor of 194 and h.
97
Let z = 2213 + -2188. What is the greatest common factor of z and 14?
1
Let h be 24/6 + 12/3. Suppose h*s - 1439 = -207. Let c = 30 - 16. What is the highest common divisor of c and s?
14
Let c = 450 - 245. Suppose 3*z + c = -2*s + 4*s, -15 = -3*z. What is the greatest common factor of s and 44?
22
Let j(n) be the first derivative of -83*n**4 + n**3 + 2*n**2 + 2*n - 66. Let v be j(-1). What is the greatest common divisor of 37 and v?
37
Suppose -6*r - 135 = 45. Let f(l) = -l**3 - 29*l**2 + 12*l + 35. Let c be f(r). What is the greatest common divisor of 25 and c?
25
Suppose 97*j - 55*j - 10500 = 0. What is the highest common divisor of 225 and j?
25
Suppose 8*m + 88 - 4551 = -551. What is the highest common factor of m and 1304?
163
Let i(c) = c**3 - c**2 - 9*c + 20. Let t be i(4). Suppose -5*w + 4*u = -t, 26 + 10 = 5*w - 2*u. What is the highest common factor of w and 56?
8
Suppose -6 = -2*j - 2*f, 0 = 7*j - 9*j - 5*f + 15. Suppose 4*c + c - 1105 = j. What is the greatest common factor of 51 and c?
17
Let d be (0 - -214)*(-3)/18*3. Let b = 109 + d. Suppose b*o - o - 82 = 0. What is the highest common factor of o and 41?
41
Suppose 1302 = -20*q + 6*q. Let x = 173 + q. Let n be (198/(-15))/((-24)/x). What is the greatest common divisor of 11 and n?
11
Suppose 4*a + 164 = -u + 5*u, -4*u - 7*a = -186. Suppose -h + 43 = 5*i, -2*i + 4*i - 86 = -2*h. What is the greatest common divisor of u and h?
43
Suppose -51 = -u + 53. Let y = 90 - 150. Let m = u + y. What is the greatest common divisor of m and 11?
11
Let y = 445 - 474. Let i be y/(-1 + -4 + 4). What is the greatest common factor of 261 and i?
29
Let m = -5704 + 6262. Calculate the highest common divisor of 155 and m.
31
Suppose -2*z - 3*v + 6*v + 12939 = 0, -v = 5*z - 32339. Calculate the greatest common divisor of 132 and z.
132
Let z(s) = 212*s**3 - s**2 - 12*s + 6. Let t be z(2). What is the greatest common factor of t and 496?
62
Let c(u) = 36*u**2 - 126*u - 70. Let b be c(-13). Calculate the highest common divisor of 8 and b.
4
Let y(d) = -55*d - 1181. Let o be y(-23). What is the greatest common divisor of 4242 and o?
42
Suppose k - 4*y + y - 528 = 0, 5*k + 4*y - 2716 = 0. Suppose 53*q = 62*q - k. What is the highest common factor of q and 48?
12
Suppose -4*f = 3*q - 776, -2*q - f + 1798 = 1269. Calculate the greatest common factor of 1675 and q.
67
Let s(l) = -l**3 + 26*l**2 - 24*l - 8. Let w = 180 + -155. Let a be s(w). Calculate the greatest common divisor of 221 and a.
17
Suppose 3*z = 3, 2*i - 2*z = -6*z - 54. Let d(x) = -x**2 - 33*x - 28. Let m be d(i). What is the greatest common divisor of m and 11?
11
Suppose 11*l - 229*l + 1836342 - 667862 = 0. Calculate the greatest common divisor of l and 16.
16
Suppose -5*x - 5*n - 33 = -x, x = 3*n + 13. Let d be 1*-95 + 3 + -3 + x. Let k = 105 + d. Calculate the greatest common divisor of k and 16.
8
Suppose 5*l - 4*i - 6 - 14 = 0, 0 = 2*l - 2*i - 10. Suppose -k + 3*j + j + 92 = l, 5*k = -3*j + 345. What is the greatest common factor of 16 and k?
8
Let o = 7 - -28. Let h = 744 + -752. Let y be 3 - (-30)/h - 62/(-8). What is the greatest common factor of y and o?
7
Let m be 15*(86/20 + (-3)/(-6)). Let u be ((-270)/8)/(-1 - (-66)/m). Suppose 7*r = 162 + u. Calculate the highest common divisor of r and 9.
9
Suppose -4*r + 12654 = -3*d, 5*r - 2*d + 6*d = 15802. What is the greatest common factor of 6 and r?
6
Suppose 2*u - 5*q - 28 - 23 = 0, 4*u - 69 = -q. Let t be 0 - 1 - -2*(-3 - -4). Let o be (-570)/(-9) + t/(-3). What is the greatest common factor of u and o?
9
Let v be (24645/279)/((-5)/(330/8))*-4. Calculate the highest common factor of 2385 and v.
265
Suppose 0 = -2*n + 4*w + 37 - 29, 3*n - 2*w = 12. Let f(r) = 416*r - 52. Let v be f(n). What is the highest common divisor of 52 and v?
52
Suppose 45*n + 30407 - 146687 = 0. What is the greatest common divisor of n and 228?
76
Let g(m) = m**2 + 14*m - 62. Let y = 767 + -786. Let j be g(y). Let d(b) = -34*b - 1. Let q be d(-1). Calculate the greatest common divisor of j and q.
33
Suppose 22971 = -4*p - 7345. Suppose 0 = 3*y - 2*n - 52, -113*n = -114*n - 5. Let r be (-6)/y - p/77. Calculate the highest common factor of r and 14.
14
Let f = 31 - 32. Let y be (162/5)/(f/(-5)). Suppose i + i - y = 0. Calculate the greatest common divisor of i and 9.
9
Let w be (-2555)/(-14) - ((-75)/(-10))/3. Calculate the greatest common factor of 560 and w.
20
Suppose 10*c + 16 = 246. Suppose 4*b + o = 752 - 63, 0 = b + o - 173. Let n = -57 + b. What is the greatest common factor of n and c?
23
Suppose -63*m = -64*m - 4. Let q be (m - 3) + (-72)/(-4). Calculate the greatest common divisor of q and 44.
11
Let a = 130 + -42. Let w = -111 + a. Let s(r) = -r**3 - 24*r**2 - 22*r + 47. Let t be s(w). What is the greatest common factor of 96 and t?
24
Let j be (10*(5 - 6))/(-1). Let b be (-5)/j*2*-7 + -1. What is the greatest common factor of b and 22?
2
Suppose 2 = 4*p - 5*l, 9*l = 2*p + 13*l + 12. Let x be p/(-8) + 11077/44 + -4. Suppose -20*r + x - 8 = 0. What is the greatest common factor of r and 12?
12
Let h(b) = -b**2 + 3*b + 1. Let i be h(3). Let d be 5/((-100)/410)*-2. Calculate the greatest common divisor of i and d.
1
Suppose 26*d + 1494 - 6759 = 2925. What is the greatest common factor of 195 and d?
15
Suppose 0 = -83*c - 2116 + 37474. Calculate the greatest common factor of c and 4544.
142
Suppose -2*f + 5823 = 3*n, -n + 3472 + 13989 = 6*f. Calculate the greatest common divisor of 630 and f.
30
Let d be 26/(-2) + -19 + 16. Let v be (-4)/d*-21*-4. Calculate the greatest common divisor of 91 and v.
7
Suppose -91*y - 75*y + 49*y = -52